- 456. What is the highest common factor of 19 and i?
19
Let k = 104 + -59. Suppose -5*d + 2641 = -1409. Calculate the greatest common factor of d and k.
45
Let k = 11567 - 10656. What is the greatest common factor of 3 and k?
1
Let f = 17598 + -17221. What is the highest common divisor of f and 416?
13
Let t(q) = q**3 + 7*q**2 - 16*q + 1. Let f be t(4). Let y = f - 95. Calculate the greatest common divisor of 42 and y.
6
Let k = -2556 - -2592. Let m(z) = -z + 2. Let f be m(-6). Calculate the greatest common divisor of f and k.
4
Suppose -5*i + 55 = -5*c + 10*c, 2*i - 24 = -3*c. Suppose i*s + 34 - 466 = 0. Calculate the highest common factor of s and 3.
3
Let a be 32*-212*(-20)/160. Calculate the highest common factor of 128 and a.
16
Let u(j) be the first derivative of -17*j**2 - 3*j + 33. Let i be u(-2). Suppose 3*l = 0, l + 17 - i = -2*k. What is the greatest common divisor of 192 and k?
24
Suppose -3*w = -4*z + 114, -4*w = 2*z - 6 - 62. Let a(s) = s + 10. Suppose -2*n = -1 - 19. Let b be a(n). What is the highest common factor of z and b?
10
Suppose 5*a + 34 = 3*v, 4*v = -4*a + 15 + 9. Let b(m) = m**3 - 8*m**2 - 9*m + 8. Let l be b(9). What is the highest common factor of v and l?
8
Suppose -4*u + 9*u - 10 = 2*a, 7 = 3*u - a. Let x = -2664 + 2669. What is the greatest common factor of u and x?
1
Let t = -122 - -127. Suppose 4 = -t*p + 6*p. Suppose 3*a - w - 2*w - 225 = 0, -3*w + 383 = 5*a. Calculate the greatest common divisor of a and p.
4
Let a(y) = -3*y + 15. Let j be a(7). Let o be ((-814)/6 - -1)/((-34)/(-255)). Let x be (2 - (-49)/(-21)) + o/j. What is the highest common divisor of 24 and x?
24
Suppose 0 = -3*y + 25 - 13, -1780 = -3*g + 5*y. Let c = -39 + 59. Calculate the highest common factor of g and c.
20
Let j(l) = -40*l - 1373. Let g be j(-83). Calculate the highest common divisor of 33 and g.
33
Suppose 4*b = -5*h + 16, -35*b + 33*b - 3*h = -8. Calculate the highest common factor of 131 and b.
1
Let d(r) = 5*r**2 + 12*r + 48. Let l(n) = 5*n**2 + 11*n + 50. Let b(j) = 7*d(j) - 6*l(j). Let f be b(-3). What is the highest common factor of 81 and f?
27
Let o(v) = 12071*v - 12050. Let d be o(1). Let q be -140*(22/(-8) + 2). Calculate the highest common factor of q and d.
21
Let d be (7/(105/81) - 3)*(31 - 1). Calculate the greatest common divisor of d and 792.
72
Suppose -5*z - 8 = m + 2*m, -2*m = z + 3. Suppose 8*g - 4*g - 76 = 0. Let h be g + (0 - (-3 - m)). What is the highest common factor of 63 and h?
21
Let z(m) = -2*m**3 - 26*m**2 + 32*m + 100. Let l be z(-14). What is the highest common divisor of l and 15202?
22
Let a = 24000 - 12268. What is the highest common divisor of a and 28?
28
Suppose 5*o = 5*u + 565, -7*u - 327 = -3*o - 8*u. Suppose 2*g + 60 = 8*g. What is the highest common factor of o and g?
10
Let x(y) = 515*y - 2551. Let h be x(5). Calculate the greatest common factor of h and 35688.
24
Suppose -5*u = -u - 2208. Let m = u + -384. Let j be 10*(m/(-20))/(-7). What is the greatest common factor of j and 108?
12
Let u = -4191 + 5452. What is the highest common divisor of u and 485?
97
Suppose -4*f + s = -249, -4*f + 9*s = 6*s - 243. Calculate the highest common divisor of 4431 and f.
21
Suppose 4*g - 5*r - 504 = 0, 4*g + g = -2*r + 597. Let o = g + -91. What is the highest common divisor of o and 75?
15
Let w = -265 - -274. Suppose w = 2*g - 5*g, 5*n = -4*g + 1023. Let v be (4/6)/(6/207). What is the highest common divisor of v and n?
23
Suppose -7*j = -1379 + 175. Let d = j + -92. Let a = -43 + 53. What is the greatest common divisor of a and d?
10
Let o(n) = 11*n**2 - 37*n - 76. Let h be o(6). Let d be -1 + 1 + 28/(-1). Let z be 21/d + 118/8. Calculate the highest common factor of h and z.
14
Let c = -12423 - -12435. Let j(v) = 6*v**3 - 2*v**2 + 1. Let o be j(1). Suppose 2*k = o*k - 108. Calculate the greatest common factor of k and c.
12
Suppose -2*s + 2*m = -126, 3*s + 2*s + 4*m - 288 = 0. Let g = -35 + s. Let w = 87402 + -87202. Calculate the greatest common factor of w and g.
25
Let h = -14457 - -14627. Calculate the greatest common factor of h and 2278.
34
Let t(a) = 2*a + 47. Let g be t(-9). Suppose 4*c = 5*r - g, 4*c + 9 = 2*r - r. What is the greatest common factor of r and 125?
5
Suppose 5038 - 8415 = -130*g + 101403. Calculate the highest common divisor of 837 and g.
31
Let m(r) = -r**3 - 13*r**2 - 5*r - 55. Let f be m(-13). Let n be (-6 - f/(-15))*(-90)/8. What is the greatest common factor of 48 and n?
12
Let m(j) = -37*j + 785. Let u be m(-25). Calculate the greatest common divisor of 15 and u.
15
Let z(q) = -q**3 - 84*q**2 - 260*q + 117. Let u be z(-81). Calculate the greatest common divisor of 18 and u.
18
Suppose -30*r + 263242 = -102698. Calculate the highest common factor of r and 342.
114
Let x(w) = -w**3 - 9*w**2 - 40*w + 8. Let c be x(-6). Calculate the greatest common factor of c and 4.
4
Suppose -40 = a + 4*a. Let c be -10*(60/a)/3. Suppose -25 = -3*d - 10. What is the greatest common divisor of d and c?
5
Let y(i) = 9*i + 15 - 24 - i. Let s(f) = -8*f - 87. Let x be s(-12). Let u be y(x). What is the greatest common divisor of 27 and u?
9
Let w be ((-16)/(-24))/(1/3). Let b = 1924 + -1842. What is the highest common divisor of w and b?
2
Let g be (2164/(-8))/(369/74 - (-60)/(-12)). Calculate the greatest common divisor of g and 111.
37
Let m = 7902 - 7880. Calculate the greatest common factor of m and 5478.
22
Suppose -d = 2*y - 0*y - 2, -2*d + 4 = 0. Suppose -8 = -c - 5. Suppose 2*q - 462 = -c*b + 4*q, y = 2*q. What is the greatest common factor of b and 44?
22
Suppose 36*k = -30*k + 462. Let f be 18 - k/((-7)/(-5)). What is the greatest common divisor of f and 286?
13
Let j be ((280/15)/(-7))/((-7)/42). Let t(x) = 400*x**3 + 5*x**2 - 6*x + 1. Let k be t(1). Calculate the highest common divisor of j and k.
16
Let c be 1/(2/(-4)) + 8. Let v(f) = 1444*f - 18733. Let s be v(13). Calculate the highest common factor of c and s.
3
Let a be 174*(2 + (0/(-2) - -1)). Let x = a + -302. Suppose x = 28*l - 24*l. Calculate the greatest common factor of 5 and l.
5
Let n(b) = 76*b**2 - 16*b + 5. Let w be n(1). Calculate the greatest common factor of 10 and w.
5
Let m = -4162 + 4218. Calculate the highest common factor of 6888 and m.
56
Let k(p) = -66*p + 1806. Let q be k(25). What is the highest common divisor of 2106 and q?
78
Suppose 3*s + 4*r = -266, -2*s + 0*s + 2*r = 168. Let q = s + 120. What is the highest common divisor of 85 and q?
17
Let g = 21955 + -21947. What is the greatest common factor of g and 6728?
8
Let v(y) = -y**2 + 58*y + 4256. Let g be v(100). Calculate the highest common factor of g and 736.
8
Let p be -1*-51*5 - (-2)/2. Suppose 5*u + 3*u - 128 = 0. Calculate the greatest common factor of u and p.
16
Let g = 3379 + -3376. What is the highest common factor of 288 and g?
3
Suppose -5*o = -7*o + 230. Suppose -64 = -3*j + 74. Suppose 12*m - 10*m = j. Calculate the highest common divisor of m and o.
23
Let z be (-3134)/(-4) - 36/72. Calculate the greatest common factor of z and 72.
9
Let p(t) = -t**3 + 13*t**2 + 11*t + 6. Let o be p(10). Suppose o = 4*u - 2*u. Let l = -23273 + 23289. Calculate the highest common factor of u and l.
16
Let t(n) = 5*n + 45. Let m be t(-9). Let a be (m + 11 - 2)*3. Let d be ((-4)/(-8))/(1/6). What is the greatest common factor of d and a?
3
Let z(p) = p**3 - p**2 - 2*p + 5. Let u be z(4). Calculate the greatest common factor of 63 and u.
9
Let r = -25419 - -25547. What is the greatest common divisor of 8928 and r?
32
Let t be (-56)/14 - (-7 + 0). Let x be 473 - (t - -3) - 3. What is the greatest common factor of x and 29?
29
Let y(a) = 2*a**3 - 2*a**2 - 2*a - 4. Let h be y(4). Suppose -260 = 46*i - 812. Calculate the highest common factor of i and h.
12
Suppose -316 = 6*c - 352. What is the highest common factor of 2454 and c?
6
Let q = -8118 - -9602. Calculate the highest common factor of q and 28.
28
Let h = 1093 + -547. Calculate the highest common factor of 2639 and h.
91
Let r(q) = -9*q**3 - 3*q**2 - q + 2. Let b be r(-2). Let f = 390 + -380. Suppose 502 = -f*m + 2102. Calculate the highest common factor of b and m.
32
Suppose -12*f = -5*f + 35. Let c be (168/60)/((-1)/f). What is the greatest common divisor of c and 70?
14
Suppose 2*m - 10472 =